, 2*l - 22 = -3*a. What is the highest common factor of q and a?
8
Let h be (0 - (-14)/1) + 1. Calculate the highest common factor of 3 and h.
3
Let r = -5 - -4. Let i = 1 - r. Suppose -3*k + 2*d = -i*k - 67, -151 = -3*k - 4*d. Calculate the greatest common factor of k and 19.
19
Let s be -3*1/(3/(-3)). Suppose -38 = -2*v - 3*j, -2*j = -3*v + s*j + 76. Suppose r - v = -r. Calculate the greatest common divisor of 88 and r.
11
Suppose -2*u + 10 = -2*q + 3*q, 0 = -5*u - 15. Suppose 11 = 3*b - q. Calculate the greatest common factor of 81 and b.
9
Suppose 2*q - 5*d = -3*d + 60, 0 = -3*q + 4*d + 91. Suppose 0 = -2*r - p + q, -p - 3 = -4. What is the greatest common factor of r and 2?
2
Suppose -k + 182 = k. Suppose -k = -2*f + 43. Suppose 202 = q + f. Calculate the greatest common factor of 15 and q.
15
Let q be (-2)/(4/132*-3). Calculate the highest common factor of q and 154.
22
Let o(d) = d**3 + 8*d**2 + 4*d - 6. Let z be o(-7). Let x be 573/5 - (-6)/z. Let u = -60 + 106. What is the highest common factor of x and u?
23
Let n = 214 - -546. Suppose 2*y + 626 = 4*f, f - n = -4*f - 2*y. Let s be f/10 - 8/20. What is the highest common divisor of 6 and s?
3
Let q = 79 + -41. Calculate the highest common divisor of q and 19.
19
Suppose -g + 52 = -2*m, 5*g - 4*m - 220 - 52 = 0. Let v = 2 + 1. Suppose 0 = v*y + 10 - 52. Calculate the highest common factor of g and y.
14
Let p = -1 - -3. Let d be 0/(1 - (p + 0)). Suppose -h - 4*h + 190 = d. What is the greatest common factor of h and 95?
19
Let z = 35 + -17. Let u(h) = -h**3 - h**2 - 2*h + 6. Suppose -6 = d - 5*y, 3*y + 30 = -2*d - 3*d. Let g be u(d). What is the greatest common divisor of z and g?
18
Let s = -7 + 9. Suppose -o + 78 = 2*w, -3*o + w + 357 = s*o. Calculate the highest common divisor of 9 and o.
9
Suppose -4*t - 60 = 5*v + 63, 0 = -2*v - 6. Let k = t + 72. What is the greatest common factor of 15 and k?
15
Suppose -3*s - 193 = z, -3*s + 4*z = s + 252. Let w = 13 + s. Let b be w/2*16/(-12). What is the highest common factor of b and 17?
17
Let k(s) = 11*s**2 + 2*s - 1. Let x be k(1). Suppose -d = -142 - x. Suppose c - 23 = 3*g, c - 2*g = -4*c + 76. Calculate the greatest common divisor of d and c.
14
Suppose 71*r - 74*r + 30 = 0. What is the greatest common divisor of r and 45?
5
Let p(s) = -1 - 6*s**2 - 2 + 3*s - s**2 + s**3. Let u be p(7). Let b be (-2)/9 - (-2272)/u. What is the highest common factor of 14 and b?
14
Let v be (10/(-4))/((-1)/2). Suppose -7*u = -8*u. Suppose -t + 56 = 3*c, u = 3*t + 15 - 3. Calculate the greatest common factor of c and v.
5
Suppose 0 = -4*i - 3*l + 17, 4*i - 3*l + 0*l = 47. Suppose 2*x - 3 = 7. Suppose -a + x + i = 0. What is the greatest common factor of 26 and a?
13
Let d be -1 - (0 + -3)/3. Let v(t) = -t + 7. Let x be v(5). Suppose d = -x*g - 0*g + 8. Calculate the greatest common divisor of 4 and g.
4
Let u(l) = l**2 + 2*l + 1. Let w be u(-1). Suppose -4*x - 5*q + 116 = w, -3*q = -0*q - 12. Calculate the highest common factor of 6 and x.
6
Let m be -2*(-35 - -1) - (-1 + -1). Calculate the greatest common factor of 28 and m.
14
Let y = 21 - 14. Let j(c) = 4*c - 3 + 1 - y*c - 2. Let o be j(-3). What is the highest common divisor of 45 and o?
5
Suppose 0 = 3*f + o - 11, -5*f + f = 5*o. What is the greatest common divisor of f and 25?
5
Suppose -4*x = 4*o - 5*x + 64, 93 = -5*o - 2*x. Let v = 1 + -2. Let q = v - o. Calculate the highest common divisor of 24 and q.
8
Suppose -k + q + 19 = 0, -q + 23 = k - 3*q. Calculate the highest common factor of k and 120.
15
Suppose -3*r + 2 = 2*y + 3, -5*r = -2*y + 23. Let h(g) = 2*g**2 + 2. Let p be h(r). What is the highest common factor of p and 30?
10
Let z(q) = -88*q + 3. Let f be z(-1). Calculate the greatest common divisor of 13 and f.
13
Let o(i) = -i. Let z be o(0). Let a(t) = -t**2 + 1. Let m be a(z). Calculate the highest common factor of m and 7.
1
Let i be -1 + 34 + 10 + -11. Calculate the greatest common factor of 96 and i.
32
Let d(u) = 5*u**2 - u + 10. Let w be d(5). Calculate the greatest common divisor of 13 and w.
13
Suppose 2*a = 9 + 35. Suppose -4*l - 78 = 142. Let r be ((-15)/(-25))/((-1)/l). What is the greatest common factor of r and a?
11
Let c = -37 + 49. Calculate the greatest common divisor of 8 and c.
4
Suppose 7*h - 3 = 6*h. Suppose 2*o = h*o - 49. Calculate the greatest common divisor of o and 7.
7
Suppose 5*j - 100 = -7*r + 2*r, -46 = -2*j + r. Let o = 30 - 26. Suppose 7 = o*i - 1. What is the highest common factor of j and i?
2
Let q be ((-56)/10)/(2/(-10)). Let k(y) = y**2 + 8*y - 5. Let z be k(-9). What is the greatest common divisor of q and z?
4
Let h = -28 - -52. Calculate the highest common factor of h and 192.
24
Let q = 32 + -13. Calculate the greatest common factor of q and 95.
19
Let h be -3 + 4 + 3 + -2. Let t = 4 - h. Calculate the highest common factor of t and 16.
2
Suppose 2*w = 4*w + 48. Let l be 1 - (w + 1) - 0. Calculate the highest common factor of 216 and l.
24
Let m = -2 - -9. Let w(s) = s - 9. Let p be w(m). Let k(t) = -t**3 + t**2 + 3*t + 3. Let g be k(p). What is the highest common factor of 27 and g?
9
Let a be 2/2 + -15 + 95. Calculate the highest common factor of a and 9.
9
Let c be ((-140)/6)/(4/(-12)). What is the highest common factor of c and 28?
14
Suppose -5*u - 2*f = -65, 0 = 3*u - 3*f - 65 + 5. Let h(t) = 15*t. Let y be h(2). What is the greatest common factor of u and y?
15
Let x be 84/5*(-10)/(-3). Suppose 0 = 2*b + 5*a - 2*a - 68, -x = -b + 4*a. Suppose 0 = 2*z + 1 - 17. What is the highest common divisor of z and b?
8
Let b(m) = 5*m - 18. Let d be b(7). Calculate the highest common factor of d and 68.
17
Suppose -3*n - 5*z + 240 = 0, -4*n + 343 = -z - 0*z. What is the highest common divisor of 17 and n?
17
Let l be (-5)/(-30) - 1462/(-12). Suppose -l = -5*q + 198. Calculate the greatest common divisor of 8 and q.
8
Suppose 4*t - 5 = 19. Calculate the greatest common divisor of t and 24.
6
Let t(q) = 5*q + 25. Let h be t(-4). Calculate the greatest common factor of 35 and h.
5
Let w be -2*(0 + -4) + 4. What is the greatest common divisor of 18 and w?
6
Suppose -2*u = -163 + 53. What is the greatest common divisor of 22 and u?
11
Let z = 22 - 17. Calculate the greatest common factor of z and 20.
5
Suppose 127 = 4*j - 5*t - 473, 5*j = 2*t + 750. Let z(q) = q**2 - 5*q + 9. Let v be z(6). Calculate the highest common divisor of j and v.
15
Suppose j + 39 = 3*b + 4*j, 5*j = b - 1. Let c be 6/6*(87 - -1). Calculate the greatest common divisor of b and c.
11
Let c be (-8)/(-2) + -1*2. Let u be (2*(18 + 3))/c. Suppose -7 = -2*t + p, 3*t - 11 = -4*p - 6. Calculate the greatest common factor of u and t.
3
Let r(i) = 7*i - 2 - 2*i**2 - 2*i + 3*i**2. Let k be r(-4). Let w be -2*(-2 + 33/k). Calculate the greatest common divisor of 3 and w.
3
Let w(n) = -139*n**3 - 2*n - 1. Let p be w(-1). What is the highest common factor of 20 and p?
20
Let c be (5 + 9)/(1/1). Let v = 25 - 18. Calculate the greatest common factor of c and v.
7
Let g = 5 - -15. Let o(j) = 5. Let f(h) = -h - 6. Let y(c) = 4*f(c) + 5*o(c). Let n be y(-1). What is the highest common divisor of g and n?
5
Let m(o) = o**2 - 11*o - 7. Let f be m(12). Suppose -f*z = -0*z - 3*j - 351, -3*z = -2*j - 210. What is the greatest common factor of 9 and z?
9
Suppose 21 = -4*p - 19. Let z = p + 15. Let t(g) = g**2 - 3*g - 3. Let v be t(z). Calculate the greatest common factor of v and 35.
7
Suppose -5*a + 190 = -275. Calculate the highest common divisor of a and 31.
31
Let j(m) = -m**2 - 9*m - 1. Suppose -3*o + 5 = -22. Let r = o + -16. Let l be j(r). Calculate the greatest common factor of 91 and l.
13
Suppose -5*j + 32 = -j. Let q be 3/(-6) + 34/4. Calculate the greatest common divisor of j and q.
8
Let o be 1 - (-11 + 0) - 4. Calculate the highest common divisor of 40 and o.
8
Let j(s) = s**3 + 3*s**2 + s. Let t be j(-2). Suppose -k + 105 = t*k. Let g = 9 + -4. Calculate the highest common factor of k and g.
5
Let m(q) = 5*q - 5. Let l be m(-6). Let j = 31 - l. Calculate the greatest common divisor of 22 and j.
22
Let w(z) = 3*z + 2. Let a be w(1). Suppose 0 = 4*j - 4*i - 788, -j - 41 = -a*i - 234. Calculate the greatest common divisor of 18 and j.
18
Suppose t + 0 = 2. Suppose 2*q - z = 31, 2*z - 74 = 